u**2 - u - 39. What is p(-21)?
-18
Let x(l) = -1827*l + 7. Determine x(0).
7
Let b(w) = -w**2 + 103*w - 1091. Give b(91).
1
Let m(g) = 3*g**2 - 39*g + 79. What is m(9)?
-29
Let b(q) = -3*q**3 + 369*q**2 + 7*q - 851. Determine b(123).
10
Let s(p) = -39*p**2 + 23*p + 28. Determine s(-4).
-688
Let i(r) = -r**3 - 52*r**2 - r - 116. Determine i(-52).
-64
Let s(d) = -2*d**3 - 33*d**2 + 17*d - 17. Determine s(-17).
-17
Let f(g) = -g**3 + 9*g**2 + 18*g - 60. Calculate f(10).
20
Let k(a) = 66*a + 8047. Give k(-122).
-5
Let l(t) = -40*t + 2717. Determine l(67).
37
Let g(h) = h**3 + 21*h**2 - 67*h - 1407. Calculate g(-21).
0
Let t(o) = -o**3 + 27*o**2 + 146*o + 415. Determine t(32).
-33
Let k(s) = -19*s + 1241. Calculate k(70).
-89
Let n(w) = -w**3 + 19*w**2 - 11*w - 87. Determine n(18).
39
Let n(h) = -h**2 - 239*h - 1413. Give n(-6).
-15
Let i(o) = 5*o**3 - 13*o**2 - 27*o + 78. Give i(3).
15
Let m(v) = -v**3 - 31*v**2 - 100*v + 119. Determine m(-27).
-97
Let g(s) = -117*s + 930. Determine g(8).
-6
Let w(b) = 15*b + 251. Calculate w(-17).
-4
Let t(d) = -14*d**2 - 41*d + 1. Determine t(-6).
-257
Let g(r) = r**3 - 3*r**2 + 84*r - 235. Calculate g(3).
17
Let r(m) = -62*m - 518. Give r(-7).
-84
Let p(n) = n**2 - 8*n - 68. What is p(0)?
-68
Let y(u) = -9*u**2 + 296*u + 45. Determine y(33).
12
Let a(j) = -j**2 + 13*j + 390. Give a(-14).
12
Let v(f) = -2*f**3 + 41*f**2 - 47*f - 120. Give v(19).
70
Let t(x) = -x**3 + 52*x**2 - 145*x - 145. Give t(49).
-47
Let w(l) = -143*l - 707. Calculate w(-5).
8
Let q(f) = 145*f - 13637. Give q(94).
-7
Let d(t) = -565*t + 3. Give d(0).
3
Let g(v) = -3*v**3 + 3*v**2 - 24*v + 3. Determine g(4).
-237
Let c(y) = -3*y**3 + 274*y**2 + 471*y - 554. Determine c(93).
4
Let m(c) = -3*c**3 - 21*c**2 - 4*c + 3. Calculate m(-7).
31
Let z(x) = 396*x + 4010. What is z(-10)?
50
Let c(h) = 10*h**3 + 3*h**2 - 4*h - 6. Give c(-1).
-9
Let b(m) = m**2 + 54*m + 1121. What is b(-34)?
441
Let c(n) = 194*n - 2009. Give c(12).
319
Let u(d) = -d**3 - 27*d**2 + 98*d + 177. What is u(-30)?
-63
Let g(u) = 6*u**2 - 653*u + 654. Give g(1).
7
Let m(f) = 8*f**2 - 239*f + 55. Give m(30).
85
Let r(h) = -h**3 - 181*h**2 - 1719*h - 1538. What is r(-171)?
1
Let d(f) = f**3 + 8*f**2 - 267*f - 2572. Give d(-13).
54
Let z(s) = -s**3 + 32*s**2 - 61*s + 6. Determine z(30).
-24
Let m(t) = -2*t**3 + 10*t**2 + 2*t - 24. What is m(7)?
-206
Let n(a) = 421*a + 2528. Give n(-6).
2
Let a(o) = -11*o**2 - 144*o. What is a(-13)?
13
Let s(t) = -t**2 - 55*t + 194. Give s(-58).
20
Let g(v) = v**3 - 4*v**2 - 45*v + 8. Determine g(9).
8
Let q(j) = -4*j**3 + 177*j**2 - 27*j - 745. Calculate q(44).
3
Let y(n) = 2*n**3 - 65*n**2 + 92*n + 53. Give y(31).
22
Let v(n) = -n**3 + 2*n + 4. What is v(-6)?
208
Let r(x) = -x**2 + 3*x + 111. Calculate r(12).
3
Let c(y) = y**3 + 45*y**2 + 434*y - 482. Calculate c(-30).
-2
Let h(o) = -260*o**3 + 2*o**2 + o - 1. Determine h(1).
-258
Let n(y) = -y**3 - 514*y**2 + 1532*y - 9827. Calculate n(-517).
-4
Let y(d) = d**3 - 3*d**2 + 17*d + 40. What is y(-3)?
-65
Let n(j) = 1325*j - 72869. What is n(55)?
6
Let n(s) = -s**3 + 16*s**2 - 5*s - 40. Give n(15).
110
Let k(n) = -n**3 + 34*n**2 + 35*n + 2. Calculate k(35).
2
Let b(p) = -2*p**3 + 19*p**2 + 72*p - 196. Give b(12).
-52
Let l(t) = 448*t + 12524. Determine l(-28).
-20
Let g(i) = i**2 + 602*i + 60. Calculate g(0).
60
Let v(p) = 237*p + 3297. What is v(-14)?
-21
Let g(c) = 56*c - 19. Give g(3).
149
Let g(b) = b**3 - 50*b**2 - 94*b - 512. Calculate g(52).
8
Let c(h) = -h**2 + 9*h + 332. Determine c(-13).
46
Let y(j) = j**2 - 121*j + 891. Determine y(8).
-13
Let m(t) = -576*t**3 + 5187*t**2 - 28*t + 15. Give m(9).
6
Let k(y) = y**3 - 38*y**2 - 431*y + 375. Calculate k(47).
-1
Let t(z) = -z**2 - 109*z - 720. Calculate t(-7).
-6
Let w(q) = -4*q**3 - 12*q**2 + 17*q - 2. Calculate w(1).
-1
Let r(u) = -3*u**2 - 118*u - 1145. Determine r(-20).
15
Let s(o) = -13*o**2 - 1780*o + 146. Determine s(-137).
9
Let c(d) = 20*d**2 - 141*d - 25. What is c(6)?
-151
Let g(f) = 2*f**3 + 3*f**2 + 12. Calculate g(-3).
-15
Let b(m) = 2*m**2 + 50*m - 233. Determine b(-29).
-1
Let r(w) = -209*w + 4640. Give r(22).
42
Let w(v) = 9*v - 142. What is w(1)?
-133
Let t(k) = k**3 - 16*k**2 + 173*k - 2366. Calculate t(15).
4
Let u(w) = w**3 + 36*w**2 + 70*w + 116. Determine u(-34).
48
Let f(m) = 463*m - 4160. What is f(9)?
7
Let u(j) = -2*j**3 + 43*j + 163. Determine u(-6).
337
Let t(n) = -112*n + 10431. Determine t(93).
15
Let m(b) = 1386*b - 13929. Give m(10).
-69
Let i(q) = -q**3 - 10*q**2 + 2*q + 12. Determine i(-11).
111
Let x(m) = -m**3 + 38*m**2 - 23*m - 732. Give x(37).
-214
Let m(v) = 40*v**3 + 2*v**2 + 7*v - 8. Calculate m(1).
41
Let w(p) = p**2 + 26*p + 41. Calculate w(-12).
-127
Let c(g) = -g**3 + 21*g**2 - 59*g + 105. Determine c(18).
15
Let g(n) = -11*n - 3. Determine g(0).
-3
Let w(r) = 4*r**2 + 557*r + 125. Calculate w(-139).
-14
Let c(h) = -3*h**3 - 194*h**2 + 66*h - 73. What is c(-65)?
-138
Let v(a) = 1686*a - 3374. Calculate v(2).
-2
Let c(s) = 4*s**2 - 125*s + 79. Calculate c(28).
-285
Let w(r) = -r**2 - 23*r - 87. Determine w(-19).
-11
Let q(l) = 4*l**2 - 287*l - 898. Calculate q(-3).
-1
Let c(a) = 19*a - 398. Calculate c(15).
-113
Let n(x) = -x**3 - x**2 - 3*x - 20. Calculate n(0).
-20
Let i(m) = m**3 + 45*m + 227. Give i(-5).
-123
Let y(x) = 457*x - 10980. Give y(24).
-12
Let d(x) = 9*x + 157. What is d(-18)?
-5
Let g(j) = j**3 + 25*j**2 + 168*j + 23. What is g(-13)?
-133
Let o(g) = -5*g**3 - 411*g**2 - 75*g + 607. Determine o(-82).
33
Let r(t) = -2*t**3 + 9*t**2 - 5*t - 13. Calculate r(6).
-151
Let l(r) = -166*r + 3282. Determine l(19).
128
Let x(h) = -h**2 - 41*h + 866. Determine x(15).
26
Let s(i) = -46*i + 272. Calculate s(7).
-50
Let k(j) = j**2 + 158*j + 1214. Calculate k(-8).
14
Let m(t) = -t**2 + 72*t + 335. What is m(71)?
406
Let k(n) = -1106*n + 6639. Give k(6).
3
Let z(d) = 6*d**2 + 154*d + 149. What is z(-1)?
1
Let z(x) = x**2 - 11*x - 319. What is z(-13)?
-7
Let b(z) = -10*z**3 + 2*z**2 - 2*z + 1. Determine b(2).
-75
Let c(u) = -6*u**3 - 108*u**2 - 101*u + 22. Give c(-17).
5
Let h(p) = -1344*p + 6612. Calculate h(5).
-108
Let j(c) = 309*c + 2159. Calculate j(-7).
-4
Let z(b) = -10*b + 14. Give z(10).
-86
Let w(d) = -194*d**2 - 2522*d + 26. What is w(-13)?
26
Let k(m) = -m**3 + 72*m**2 - 445*m + 61. Calculate k(65).
711
Let z(p) = p**2 - 112*p + 1607. What is z(17)?
-8
Let i(p) = -p**2 - 6*p + 4. Determine i(-9).
-23
Let w(u) = u**3 + u**2 - 10*u + 17. Give w(-5).
-33
Let s(r) = 84*r - 1851. Determine s(22).
-3
Let o(a) = 2214*a - 4428. Determine o(2).
0
Let j(g) = 5*g**3 - 4*g**2 - 22*g - 50. Calculate j(-3).
-155
Let j(t) = -100*t - 698. What is j(-7)?
2
Let b(r) = -r**2 - 10*r + 2001. Calculate b(-50).
1
Let a(t) = 9*t**3 - 11*t**2 + 13*t + 1. Give a(4).
453
Let k(m) = -84*m + 9026. Give k(107).
38
Let s(x) = -808*x - 55737. Calculate s(-69).
15
Let u(x) = -4*x + 5. Calculate u(26).
-99
Let s(z) = -2*z**3 - 6*z**2 + 50*z + 151. Give s(-5).
1
Let d(t) = -t**3 + 6*t - 159. Calculate d(0).
-159
Let d(z) = -22*z - 1359. Determine d(-62).
5
Let a(j) = 19*j**2 - 234*j + 283. Determine a(11).
8
Let s(i) = i**3 + 38*i**2 + 359*i + 66. Calculate s(-17).
32
Let o(t) = t**3 - 65*t**2 - 62*t - 268. Give o(66).
-4
Let w(a) = 3*a**3 - 4*a**2 + 154*a - 609. Give w(4).
135
Let v(t) = 33*t + 3708. Give v(-113).
-21
Let k(x) = x**2 + 363*x - 3744. Determine k(10).
-14
Let h(n) = n**2 + 44*n - 414. Calculate h(8).
2
Let a(f) = 7*f**2 + 116*f + 222. What is a(-2)?
18
Let k(z) = 26*z - 343. Determine k(19).
151
Let f(y) = -2*y**3 - 13*y**2 + 9*y + 34. What is f(-7)?
20
Let s(i) = 5*i - 118. Calculate s(16).
-38
Let v(i) = 61*i + 361. Calculate v(-5).
56
Let b(s) = -7*s**3 + 3*s**2 + 9*s - 19. Determine b(2).
-45
Let k(x) = 120*x + 779. Calculate k(-7).
-61
Let b(j) = -j**3 - 78*j**2 + 153*j - 444. Calculate b(-80).
116
Let p(u) = -118*u + 815. Give p(7).
-11
Let p(z) = -z**3 - 2*z**2 + 5*z. Calculate p(4).
-76
Let s(g) = -385*g - 1609. Give s(-6).
701
Let t(z) = -z**3 + 16*z**2 - 34*z + 23. What is t(13)?
88
Let q(g) = 2*g**3 + 8*g**2 + 9*g + 16. Calculate q(-3).
7
Let t(c) = c**2 - 66*c + 424. Calculate t(59).
11
Let t(l) = 2*l**3 + 39*l**2 - 231*l - 366. Determine t(-24).
-6
Let m(j) = 381*j + 2302. What is m(-6)?
16
